{"id":44,"date":"2013-12-15T14:18:01","date_gmt":"2013-12-15T13:18:01","guid":{"rendered":"http:\/\/www.hausarzt-waldstetten.de\/?page_id=44"},"modified":"2026-04-16T17:14:57","modified_gmt":"2026-04-16T16:14:57","slug":"akutelles-2","status":"publish","type":"page","link":"https:\/\/www.hausarzt-waldstetten.de\/?page_id=44","title":{"rendered":"Aktuelles"},"content":{"rendered":"\n<p><\/p>\n\n\n\n<hr class=\"wp-block-separator has-alpha-channel-opacity\"\/>\n\n\n\n<h3 class=\"wp-block-heading\">Onlinetermine: Nur f\u00fcr Bestandspatient*innen!<\/h3>\n\n\n<h4><a href=\"https:\/\/webtermin.medatixx.de\/#\/0bffcbc2-2792-4290-950b-5d9a9d90b79a\" target=\"_blank\" rel=\"noopener\"><img loading=\"lazy\" decoding=\"async\" class=\"alignnone size-medium wp-image-819\" src=\"https:\/\/www.hausarzt-waldstetten.de\/wp-content\/uploads\/2022\/09\/Button-Termin-online-1-300x74.jpg\" alt=\"\" width=\"300\" height=\"74\" srcset=\"https:\/\/www.hausarzt-waldstetten.de\/wp-content\/uploads\/2022\/09\/Button-Termin-online-1-300x74.jpg 300w, https:\/\/www.hausarzt-waldstetten.de\/wp-content\/uploads\/2022\/09\/Button-Termin-online-1.jpg 507w\" sizes=\"auto, (max-width: 300px) 100vw, 300px\" \/><\/a><\/h4>\n<h4>Gilt NICHT f\u00fcr Atemwegsinfekte, dann bitte telefonische R\u00fccksprache 07171 &#8211; 4 27 25 !<\/h4>\n<hr \/>\n<h4><strong>Folgerezepte und \u00dcberweisungen:<br \/><\/strong><\/h4>\n<h4><strong>(abholbereit bzw. als eRezept erstellt ab dem folgenden Praxis\u00f6ffnungstag ab 8.30 Uhr)<\/strong><\/h4>\n<p>telefonisch:<\/p>\n<h4><strong>07171 &#8211; 49 59 834<\/strong><\/h4>\n<p>per mail:<\/p>\n<p><a href=\"mailto:bestellung@schaible-strobel.de\"><img loading=\"lazy\" decoding=\"async\" class=\"alignnone size-medium wp-image-1039\" src=\"https:\/\/www.hausarzt-waldstetten.de\/wp-content\/uploads\/2024\/01\/Button-Bestellung-Folgerezept-Ueberweisung-online-300x84.jpg\" alt=\"\" width=\"300\" height=\"84\" srcset=\"https:\/\/www.hausarzt-waldstetten.de\/wp-content\/uploads\/2024\/01\/Button-Bestellung-Folgerezept-Ueberweisung-online-300x84.jpg 300w, https:\/\/www.hausarzt-waldstetten.de\/wp-content\/uploads\/2024\/01\/Button-Bestellung-Folgerezept-Ueberweisung-online.jpg 533w\" sizes=\"auto, (max-width: 300px) 100vw, 300px\" \/><\/a><\/p>\n<hr \/>\n<h4><strong>Infektsprechstunde:<\/strong><\/h4>\n<p>Falls Sie derzeit unter akuten Atemwegssymptomen leiden wie Husten oder Schnupfen oder Geschmacksinns-\/ Geruchsinnsverlust dann kommen Sie bitte nicht direkt in unsere Praxisr\u00e4ume, sondern kontaktieren uns telefonisch unter 07171 \u2013 4 27 25, um das weitere Vorgehen zu planen.<\/p>","protected":false},"excerpt":{"rendered":"<p>Onlinetermine: Nur f\u00fcr Bestandspatient*innen! Gilt NICHT f\u00fcr Atemwegsinfekte, dann bitte telefonische R\u00fccksprache 07171 &#8211; 4 27 25 ! Folgerezepte und \u00dcberweisungen: (abholbereit bzw. als eRezept erstellt ab dem folgenden Praxis\u00f6ffnungstag ab 8.30 Uhr) telefonisch: 07171 &#8211; 49 59 834 per mail: Infektsprechstunde: Falls Sie derzeit unter akuten Atemwegssymptomen leiden wie Husten oder Schnupfen oder Geschmacksinns-\/ &hellip; <a href=\"https:\/\/www.hausarzt-waldstetten.de\/?page_id=44\" class=\"more-link\"><span class=\"screen-reader-text\">Aktuelles<\/span> weiterlesen <span class=\"meta-nav\">&rarr;<\/span><\/a><\/p>\n","protected":false},"author":1,"featured_media":0,"parent":0,"menu_order":0,"comment_status":"closed","ping_status":"closed","template":"","meta":{"footnotes":""},"class_list":["post-44","page","type-page","status-publish","hentry"],"aioseo_notices":[],"_links":{"self":[{"href":"https:\/\/www.hausarzt-waldstetten.de\/index.php?rest_route=\/wp\/v2\/pages\/44","targetHints":{"allow":["GET"]}}],"collection":[{"href":"https:\/\/www.hausarzt-waldstetten.de\/index.php?rest_route=\/wp\/v2\/pages"}],"about":[{"href":"https:\/\/www.hausarzt-waldstetten.de\/index.php?rest_route=\/wp\/v2\/types\/page"}],"author":[{"embeddable":true,"href":"https:\/\/www.hausarzt-waldstetten.de\/index.php?rest_route=\/wp\/v2\/users\/1"}],"replies":[{"embeddable":true,"href":"https:\/\/www.hausarzt-waldstetten.de\/index.php?rest_route=%2Fwp%2Fv2%2Fcomments&post=44"}],"version-history":[{"count":308,"href":"https:\/\/www.hausarzt-waldstetten.de\/index.php?rest_route=\/wp\/v2\/pages\/44\/revisions"}],"predecessor-version":[{"id":1336,"href":"https:\/\/www.hausarzt-waldstetten.de\/index.php?rest_route=\/wp\/v2\/pages\/44\/revisions\/1336"}],"wp:attachment":[{"href":"https:\/\/www.hausarzt-waldstetten.de\/index.php?rest_route=%2Fwp%2Fv2%2Fmedia&parent=44"}],"curies":[{"name":"wp","href":"https:\/\/api.w.org\/{rel}","templated":true}]}}